57683?
3
What is the tens digit of 6601002?
0
What is the thousands digit of 153136?
3
What is the tens digit of 254036?
3
What is the hundreds digit of 232813?
8
What is the ten thousands digit of 2891786?
9
What is the ten thousands digit of 111836?
1
What is the ten thousands digit of 601088?
0
What is the hundred thousands digit of 1168563?
1
What is the ten millions digit of 11022839?
1
What is the thousands digit of 84406?
4
What is the ten thousands digit of 456016?
5
What is the millions digit of 1073758?
1
What is the hundreds digit of 96541?
5
What is the tens digit of 9501122?
2
What is the thousands digit of 549319?
9
What is the tens digit of 73348?
4
What is the units digit of 274749?
9
What is the tens digit of 326717?
1
What is the hundred thousands digit of 169122?
1
What is the thousands digit of 1254742?
4
What is the hundred thousands digit of 1888356?
8
What is the hundreds digit of 159155?
1
What is the thousands digit of 36467?
6
What is the thousands digit of 921921?
1
What is the tens digit of 19967325?
2
What is the ten thousands digit of 9937289?
3
What is the thousands digit of 103524?
3
What is the tens digit of 642723?
2
What is the hundred thousands digit of 3861848?
8
What is the ten thousands digit of 14284?
1
What is the units digit of 33913?
3
What is the thousands digit of 445315?
5
What is the tens digit of 249425?
2
What is the thousands digit of 18464086?
4
What is the ten thousands digit of 2653259?
5
What is the hundreds digit of 861453?
4
What is the ten thousands digit of 355465?
5
What is the hundred thousands digit of 11391321?
3
What is the tens digit of 1233497?
9
What is the hundreds digit of 1322166?
1
What is the tens digit of 300520?
2
What is the tens digit of 516852?
5
What is the tens digit of 1422438?
3
What is the units digit of 4286452?
2
What is the units digit of 296293?
3
What is the hundred thousands digit of 102399?
1
What is the tens digit of 18427?
2
What is the tens digit of 5188008?
0
What is the millions digit of 8028918?
8
What is the ten thousands digit of 13771633?
7
What is the thousands digit of 6581875?
1
What is the thousands digit of 3948752?
8
What is the ten thousands digit of 1912533?
1
What is the millions digit of 1356768?
1
What is the millions digit of 8007466?
8
What is the tens digit of 267889?
8
What is the tens digit of 808892?
9
What is the millions digit of 1410189?
1
What is the tens digit of 5479976?
7
What is the ten millions digit of 10650590?
1
What is the ten thousands digit of 7280921?
8
What is the tens digit of 2517974?
7
What is the units digit of 5146951?
1
What is the ten thousands digit of 732115?
3
What is the hundreds digit of 211748?
7
What is the tens digit of 238267?
6
What is the units digit of 637681?
1
What is the thousands digit of 270183?
0
What is the hundred thousands digit of 7441601?
4
What is the hundreds digit of 18257630?
6
What is the ten thousands digit of 933676?
3
What is the hundreds digit of 808813?
8
What is the hundred thousands digit of 4726115?
7
What is the hundreds digit of 9218578?
5
What is the ten millions digit of 11083068?
1
What is the ten millions digit of 28628859?
2
What is the thousands digit of 2123397?
3
What is the tens digit of 244413?
1
What is the hundred thousands digit of 170989?
1
What is the ten thousands digit of 4992083?
9
What is the units digit of 8431013?
3
What is the ten thousands digit of 210634?
1
What is the hundred thousands digit of 1415715?
4
What is the units digit of 6659126?
6
What is the units digit of 431828?
8
What is the hundreds digit of 176546?
5
What is the tens digit of 246995?
9
What is the hundreds digit of 2167950?
9
What is the millions digit of 1311079?
1
What is the units digit of 4969234?
4
What is the tens digit of 4256281?
8
What is the hundred thousands digit of 25658672?
6
What is the hundred thousands digit of 11458252?
4
What is the units digit of 711393?
3
What is the hundreds digit of 289769?
7
What is the ten thousands digit of 30596306?
9
What is the thousands digit of 118202?
8
What is the units digit of 3181976?
6
What is the ten thousands digit of 6268451?
6
What is the millions digit of 2611792?
2
What is the units digit of 15691478?
8
What is the tens digit of 1632056?
5
What is the units digit of 100455?
5
What is the tens digit of 3397357?
5
What is the tens digit of 105580?
8
What is the tens digit of 41482?
8
What is the millions digit of 8380599?
8
What is the ten thousands digit of 9573446?
7
What is the ten thousands digit of 157698?
5
What is the thousands digit of 104973?
4
What is the hundreds digit of 25690?
6
What is the hundred thousands digit of 1168562?
1
What is the thousands digit of 3459661?
9
What is the ten thousands digit of 580690?
8
What is the ten thousands digit of 1264353?
6
What is the hundred thousands digit of 807791?
8
What is the hundred thousands digit of 2152063?
1
What is the hundreds digit of 718175?
1
What is the units digit of 185819?
9
What is the hundreds digit of 1034801?
8
What is the thousands digit of 513416?
3
What is the units digit of 8484775?
5
What is the ten thousands digit of 4678532?
7
What is the hundreds digit of 616146?
1
What is the tens digit of 1472823?
2
What is the hundreds digit of 1946509?
5
What is the thousands digit of 1567123?
7
What is the tens digit of 3572849?
4
What is the hundred thousands digit of 9582045?
5
What is the tens digit of 26100859?
5
What is the millions digit of 1260610?
1
What is the thousands digit of 50481?
0
What is the thousands digit of 37960?
7
What is the units digit of 3081758?
8
What is the hundreds digit of 1219132?
1
What is the ten thousands digit of 1608688?
0
What is the hundred thousands digit of 489880?
4
What is the hundreds digit of 14274916?
9
What is the ten thousands digit of 19051599?
5
What is the units digit of 1766024?
4
What is the units digit of 16114356?
6
What is the units digit of 340216?
6
What is the ten thousands digit of 10323089?
2
What is the hundreds digit of 11927457?
4
What is the millions digit of 11509803?
1
What is the tens digit of 271197?
9
What is the thousands digit of 470677?
0
What is the hundreds digit of 105905?
9
What is the hundred thousands digit of 3670161?
6
What is the ten thousands digit of 122217?
2
What is the millions digit of 5967219?
5
What is the hundreds digit of 205554?
5
What is the thousands digit of 369508?
9
What is the ten thousands digit of 1587868?
8
What is the millions digit of 1382068?
1
What is the hundreds digit of 117028?
0
What is the tens digit of 136806?
0
What is the tens digit of 160095?
9
What is the hundreds digit of 564317?
3
What is the thousands digit of 156021?
6
What is the millions digit of 2099848?
2
What is the hundreds digit of 1089047?
0
What is the tens digit of 6560465?
6
What is the hundred thousands digit of 339148?
3
What is the tens digit of 423875?
7
What is the ten thousands digit of 54257?
5
What is the units digit of 68366?
6
What is the thousands digit of 1200476?
0
What is the thousands digit of 1498423?
8
What is the ten thousands digit of 30468?
3
What is the ten millions digit of 13875210?
1
What is the units digit of 1154288?
8
What is the tens digit of 372358?
5
What is the tens digit of 1666155?
5
What is the units digit of 390528?
8
What is the tens digit of 7010251?
5
What is the thousands digit of 364548?
4
What is the tens digit of 4335059?
5
What is the units digit of 1398668?
8
What is the hundreds digit of 2090164?
1
What is the ten thousands digit of 2183426?
8
What is the hundreds digit of 353428?
4
What is the tens digit of 97016?
1
What is the hundred thousands digit of 2309512?
3
What is the hundreds digit of 6344947?
9
What is the thousands digit of 2487536?
7
What is the units digit of 11296?
6
What is the millions digit of 1504514?
1
What is the units digit of 18967955?
5
What is the ten thousands digit of 5761086?
6
What is the thousands digit of 6298552?
8
What is the hundred thousands digit of 1462372?
4
What is the hundreds digit of 629149?
1
What is the tens digit of 2790525?
2
What is the hundred thousands digit of 155481?
1
What is the tens digit of 195812?
1
What is the tens digit of 2849237?
3
What is the ten thousands digit of 